{"id":1681,"date":"2021-06-10T22:47:02","date_gmt":"2021-06-10T20:47:02","guid":{"rendered":"https:\/\/dinamojemaksimir.com\/?page_id=1681"},"modified":"2021-06-10T23:05:25","modified_gmt":"2021-06-10T21:05:25","slug":"stadion-gradu-koji-to-nije","status":"publish","type":"page","link":"https:\/\/dinamojemaksimir.com\/?page_id=1681","title":{"rendered":"Stadion gradu koji to nije"},"content":{"rendered":"\t\t<div data-elementor-type=\"wp-page\" data-elementor-id=\"1681\" class=\"elementor elementor-1681\" data-elementor-settings=\"[]\">\n\t\t\t\t\t\t\t<div class=\"elementor-section-wrap\">\n\t\t\t\t\t\t\t<section data-plugin-parallax=\"\" data-plugin-options=\"{&quot;speed&quot;: 1.3}\" class=\"elementor-section elementor-top-section elementor-element elementor-element-d280850 ltr-section elementor-section-boxed elementor-section-height-default elementor-section-height-default\" data-id=\"d280850\" data-element_type=\"section\" data-settings=\"{&quot;background_background&quot;:&quot;classic&quot;}\">\r\n\t\t\t\r\n\t\t\t\t\t\t\t\t\t<div class=\"elementor-container elementor-column-gap-no\">\r\n\t\t\t\t\t\t\t\t\t\t\t<div class=\"elementor-column elementor-col-50 elementor-top-column elementor-element elementor-element-2ba864d pb-lg-5 mt-5 order-lg-2\" data-id=\"2ba864d\" data-element_type=\"column\">\r\n\r\n\t\t\t\t\t<div class=\"elementor-widget-wrap elementor-element-populated\">\r\n\t\t\t\t\t\t\t\t<div class=\"elementor-element elementor-element-5dede14 testimonial mx-4 elementor-widget elementor-widget-porto_ultimate_heading\" data-id=\"5dede14\" data-element_type=\"widget\" data-widget_type=\"porto_ultimate_heading.default\">\n\t\t\t\t<div class=\"elementor-widget-container\">\n\t\t\t<div class=\"porto-u-heading\" data-hspacer=\"no_spacer\" data-halign=\"inherit\" style=\"text-align:inherit\"><div class=\"porto-u-main-heading\"><div data-plugin-animated-letters data-plugin-options=\"{&quot;startDelay&quot;:1000,&quot;minWindowWidth&quot;:992,&quot;animationName&quot;:&quot;fadeIn&quot;}\"  >Za\u0161to Sesvete, a ne Kranj\u010devi\u0107eva? Prvo u Kranj\u010devi\u0107evu treba ulo\u017eiti gotovo isto toliko, drugo nema niti pristupa niti parkirali\u0161ta za tako ozbiljne tekme. Tre\u0107e, glupo je ulagati u ne\u0161to \u010dija je neminovnost ru\u0161enje i tek odre\u0111ivanje namjene tog prostora.<\/div><\/div><\/div>\t\t<\/div>\n\t\t\t\t<\/div>\n\t\t\t\t<div class=\"elementor-element elementor-element-e5e23d2 mx-4 mb-0 elementor-widget elementor-widget-porto_ultimate_heading\" data-id=\"e5e23d2\" data-element_type=\"widget\" data-widget_type=\"porto_ultimate_heading.default\">\n\t\t\t\t<div class=\"elementor-widget-container\">\n\t\t\t<div class=\"porto-u-heading\" data-hspacer=\"no_spacer\" data-halign=\"left\" style=\"text-align:left\"><div class=\"porto-u-main-heading\"><h5   >Tomislav Duha\u010dek<\/h5><\/div><\/div>\t\t<\/div>\n\t\t\t\t<\/div>\n\t\t\t\t\t<\/div>\r\n\t\t\t\t<\/div>\r\n\t\t\t\t<div class=\"elementor-column elementor-col-50 elementor-top-column elementor-element elementor-element-8914ec6 mt-5\" data-id=\"8914ec6\" data-element_type=\"column\">\r\n\r\n\t\t\t\t\t<div class=\"elementor-widget-wrap elementor-element-populated\">\r\n\t\t\t\t\t\t\t\t<div class=\"elementor-element elementor-element-76f5523 elementor-invisible elementor-widget elementor-widget-image\" data-id=\"76f5523\" data-element_type=\"widget\" data-settings=\"{&quot;_animation&quot;:&quot;fadeInUp&quot;,&quot;_animation_delay&quot;:400}\" data-widget_type=\"image.default\">\n\t\t\t\t<div class=\"elementor-widget-container\">\n\t\t\t\t\t\t\t\t\t\t\t\t\t\t\t<img width=\"995\" height=\"561\" src=\"https:\/\/dinamojemaksimir.com\/wp-content\/uploads\/2021\/06\/sesvete3.png\" class=\"attachment-full size-full\" alt=\"\" loading=\"lazy\" srcset=\"https:\/\/dinamojemaksimir.com\/wp-content\/uploads\/2021\/06\/sesvete3.png 995w, https:\/\/dinamojemaksimir.com\/wp-content\/uploads\/2021\/06\/sesvete3-768x433.png 768w, https:\/\/dinamojemaksimir.com\/wp-content\/uploads\/2021\/06\/sesvete3-640x361.png 640w, https:\/\/dinamojemaksimir.com\/wp-content\/uploads\/2021\/06\/sesvete3-400x226.png 400w, https:\/\/dinamojemaksimir.com\/wp-content\/uploads\/2021\/06\/sesvete3-367x207.png 367w, https:\/\/dinamojemaksimir.com\/wp-content\/uploads\/2021\/06\/sesvete3-600x338.png 600w\" sizes=\"(max-width: 995px) 100vw, 995px\" \/>\t\t\t\t\t\t\t\t\t\t\t\t\t\t\t<\/div>\n\t\t\t\t<\/div>\n\t\t\t\t\t<\/div>\r\n\t\t\t\t<\/div>\r\n\t\t\t\t\t\t<\/div>\r\n\t\t\t\t<\/section>\r\n\t\t\t\t<section class=\"elementor-section elementor-top-section elementor-element elementor-element-0727d5c elementor-section-full_width elementor-section-height-default elementor-section-height-default\" data-id=\"0727d5c\" data-element_type=\"section\">\r\n\t\t\t\r\n\t\t\t\t\t\t\t\t\t<div class=\"elementor-container elementor-column-gap-no\">\r\n\t\t\t\t\t\t\t\t\t\t\t<div class=\"elementor-column elementor-col-100 elementor-top-column elementor-element elementor-element-419a67d column-d-block\" data-id=\"419a67d\" data-element_type=\"column\">\r\n\r\n\t\t\t\t\t<div class=\"elementor-widget-wrap elementor-element-populated\">\r\n\t\t\t\t\t\t\t\t<div class=\"elementor-element elementor-element-d564912 mb-4 elementor-invisible elementor-widget elementor-widget-heading\" data-id=\"d564912\" data-element_type=\"widget\" data-settings=\"{&quot;_animation&quot;:&quot;fadeInUp&quot;,&quot;_animation_delay&quot;:1000}\" data-widget_type=\"heading.default\">\n\t\t\t\t<div class=\"elementor-widget-container\">\n\t\t\t<h2 class=\"elementor-heading-title elementor-size-default\">Stadion gradu koji to nije<\/h2>\t\t<\/div>\n\t\t\t\t<\/div>\n\t\t\t\t<div class=\"elementor-element elementor-element-cb7b40b mb-4 elementor-invisible elementor-widget elementor-widget-text-editor\" data-id=\"cb7b40b\" data-element_type=\"widget\" data-settings=\"{&quot;_animation&quot;:&quot;fadeInUp&quot;,&quot;_animation_delay&quot;:1200}\" data-widget_type=\"text-editor.default\">\n\t\t\t\t<div class=\"elementor-widget-container\">\n\t\t\t\t\t\t\t\t<div dir=\"auto\">Grad koji to nije su Sesvete, gradska \u010detvrt grada Zagreba veli\u010dine Osijeka\u2026 Osijek ima svoju \u017eupaniju,a Sesvete ni svoju kasu za najnu\u017enije potrebe.<\/div>\t\t\t\t\t\t<\/div>\n\t\t\t\t<\/div>\n\t\t\t\t<div class=\"elementor-element elementor-element-eee8f8c mb-1 elementor-widget elementor-widget-text-editor\" data-id=\"eee8f8c\" data-element_type=\"widget\" data-widget_type=\"text-editor.default\">\n\t\t\t\t<div class=\"elementor-widget-container\">\n\t\t\t\t\t\t\t\t<p class=\"mb-5\">Anomalija lokalne samouprave ili podvala gra\u0111anima Sesveta (preko 100 000 du\u0161a) koji su po ljudskom i gospodarskom potencijalu ve\u0107i i ja\u010di i od Gorice ( ima stadion i prvoliga\u0161a) i od Zapre\u0161i\u0107a ( ima stadion i do ju\u010der prvoliga\u0161a). A barem su ravnopravni Osijeku koji ima prvoliga\u0161a, dvoranu, grad gdje se sport \u017eivi. Za\u0161to onda Sesve\u0107ani moraju moljakati i za obi\u010dnu nadstre\u0161nicu na autobusnoj stanici.. A stadion\u2026 To je na\u0161a pri\u010da\u2026 Velikim anga\u017emanom, odricanjima sesvetskih nogometnih zaljubljenika entuzijasta i volontera pod vodstvom sada predsjednika NK Sesvete gospodina Pere Karatovi\u0107a (mog dugogodi\u0161njeg prijatelja i nekada\u0161njeg vrijednog suradnika) stvoren je stabilan drugoliga\u0161 koji je sad u slijepoj ulici. Kvalitetom, organizacijom, \u0161kolom nogometa ( 18 kategorija djece i omladine, najvi\u0161eod svih hrvatskih klubova) na razini prvoliga\u0161a, a ograni\u010den uvjetima ne mo\u017ee dalje. Jer su mu se je na tom putu isprije\u010dila jedna ladica u Gradskom poglavarstvu Grada Zagreba. Pa kaj je s tom ladicom??<\/p>\t\t\t\t\t\t<\/div>\n\t\t\t\t<\/div>\n\t\t\t\t<div class=\"elementor-element elementor-element-5029f4a mb-4 pb-2 elementor-invisible elementor-widget elementor-widget-image\" data-id=\"5029f4a\" data-element_type=\"widget\" data-settings=\"{&quot;_animation&quot;:&quot;fadeInUp&quot;,&quot;_animation_delay&quot;:1600}\" data-widget_type=\"image.default\">\n\t\t\t\t<div class=\"elementor-widget-container\">\n\t\t\t\t\t\t\t\t\t\t\t\t\t\t\t<img width=\"1920\" height=\"700\" src=\"https:\/\/dinamojemaksimir.com\/wp-content\/uploads\/2021\/06\/sesvete_1.jpg\" class=\"attachment-full size-full\" alt=\"\" loading=\"lazy\" srcset=\"https:\/\/dinamojemaksimir.com\/wp-content\/uploads\/2021\/06\/sesvete_1.jpg 1920w, https:\/\/dinamojemaksimir.com\/wp-content\/uploads\/2021\/06\/sesvete_1-1024x373.jpg 1024w, https:\/\/dinamojemaksimir.com\/wp-content\/uploads\/2021\/06\/sesvete_1-768x280.jpg 768w, https:\/\/dinamojemaksimir.com\/wp-content\/uploads\/2021\/06\/sesvete_1-1536x560.jpg 1536w, https:\/\/dinamojemaksimir.com\/wp-content\/uploads\/2021\/06\/sesvete_1-640x233.jpg 640w, https:\/\/dinamojemaksimir.com\/wp-content\/uploads\/2021\/06\/sesvete_1-400x146.jpg 400w, https:\/\/dinamojemaksimir.com\/wp-content\/uploads\/2021\/06\/sesvete_1-367x134.jpg 367w, https:\/\/dinamojemaksimir.com\/wp-content\/uploads\/2021\/06\/sesvete_1-600x219.jpg 600w\" sizes=\"(max-width: 1920px) 100vw, 1920px\" \/>\t\t\t\t\t\t\t\t\t\t\t\t\t\t\t<\/div>\n\t\t\t\t<\/div>\n\t\t\t\t<div class=\"elementor-element elementor-element-e0efaa8 mb-1 elementor-widget elementor-widget-text-editor\" data-id=\"e0efaa8\" data-element_type=\"widget\" data-widget_type=\"text-editor.default\">\n\t\t\t\t<div class=\"elementor-widget-container\">\n\t\t\t\t\t\t\t\t<p>Zavirili smo u dokumentaciju zaslugom \u010delnog \u010dovjeka sesvetskog drugoliga\u0161a i donosimo vam,1. gra\u0111evinsku dozvolu koja je va\u017ee\u0107a, produljena do 14.4.2023. U me\u0111uvremenu i konzumirana izgradnjom dijela parkirali\u0161ta. Donosimo vam tro\u0161kovnik na 79.115.000,00 kuna, donosimo vam i sam glavni projekt glavnog projektanta Davora Matekovi\u0107a.Treba naglasiti da su.pla\u0107ena sva davanja prema dr\u017eavi i gradu vi\u0161e od 5 milijuna kuna\u2026 Za\u0161to je va\u017ean sesvetski stadion osim Sesve\u0107anima, nogometu i sportu uop\u0107e i na\u0161oj pri\u010di o stadionu na Maksimiru. Zbog toga jer je budu\u0107i sesvetski stadion projektiran kao stadion 4.kategorije, kapaciteta cca 8000 sjedala i kao takav zadovoljava sve kriterije UEFA za odigravanje me\u0111unarodnih tekmi, te bi na njemu Dinamo mogao igrati i svoje doma\u0107e tekme u HNL-u, kao i sve europske utakmice dok traje izgradnja maksimirskog stadiona\u2026 Za\u0161to Sesvete, a ne Kranj\u010devi\u0107eva? Prvo u Kranj\u010devi\u0107evu treba ulo\u017eiti gotovo isto toliko, drugo nema niti pristupa niti parkirali\u0161ta za tako ozbiljne tekme. Tre\u0107e, glupo je ulagati u ne\u0161to \u010dija je neminovnost ru\u0161enje i tek odre\u0111ivanje namjene tog prostora. Zato se mi iskreni Dinamovci zala\u017eemo za Sesvete i stadion u Sesvetama.<br \/>Zasto \u0161uti HNS, a donirao je novac za privatne projekte na Rijeci i u Osijeku.<br \/>Za\u0161to \u0161uti ZNS, gospodin T. Svetina\u2026 Kaj Sesvete ne spadaju u ZNS???<\/p><p>Tomislav Duha\u010dek<\/p>\t\t\t\t\t\t<\/div>\n\t\t\t\t<\/div>\n\t\t\t\t<div class=\"elementor-element elementor-element-17a2093 mb-4 pb-2 elementor-invisible elementor-widget elementor-widget-image\" data-id=\"17a2093\" data-element_type=\"widget\" data-settings=\"{&quot;_animation&quot;:&quot;fadeInUp&quot;,&quot;_animation_delay&quot;:1600}\" data-widget_type=\"image.default\">\n\t\t\t\t<div class=\"elementor-widget-container\">\n\t\t\t\t\t\t\t\t\t\t\t\t\t\t\t<img width=\"1920\" height=\"700\" src=\"https:\/\/dinamojemaksimir.com\/wp-content\/uploads\/2021\/06\/sesvete_2.jpg\" class=\"attachment-full size-full\" alt=\"\" loading=\"lazy\" srcset=\"https:\/\/dinamojemaksimir.com\/wp-content\/uploads\/2021\/06\/sesvete_2.jpg 1920w, https:\/\/dinamojemaksimir.com\/wp-content\/uploads\/2021\/06\/sesvete_2-1024x373.jpg 1024w, https:\/\/dinamojemaksimir.com\/wp-content\/uploads\/2021\/06\/sesvete_2-768x280.jpg 768w, https:\/\/dinamojemaksimir.com\/wp-content\/uploads\/2021\/06\/sesvete_2-1536x560.jpg 1536w, https:\/\/dinamojemaksimir.com\/wp-content\/uploads\/2021\/06\/sesvete_2-640x233.jpg 640w, https:\/\/dinamojemaksimir.com\/wp-content\/uploads\/2021\/06\/sesvete_2-400x146.jpg 400w, https:\/\/dinamojemaksimir.com\/wp-content\/uploads\/2021\/06\/sesvete_2-367x134.jpg 367w, https:\/\/dinamojemaksimir.com\/wp-content\/uploads\/2021\/06\/sesvete_2-600x219.jpg 600w\" sizes=\"(max-width: 1920px) 100vw, 1920px\" \/>\t\t\t\t\t\t\t\t\t\t\t\t\t\t\t<\/div>\n\t\t\t\t<\/div>\n\t\t\t\t\t<\/div>\r\n\t\t\t\t<\/div>\r\n\t\t\t\t\t\t<\/div>\r\n\t\t\t\t<\/section>\r\n\t\t\t\t\t\t<\/div>\n\t\t\t\t\t<\/div>\n\t\t","protected":false},"excerpt":{"rendered":"<p>Za\u0161to Sesvete, a ne Kranj\u010devi\u0107eva? Prvo u Kranj\u010devi\u0107evu treba ulo\u017eiti gotovo isto toliko, drugo nema niti pristupa niti parkirali\u0161ta za tako ozbiljne tekme. Tre\u0107e, glupo je ulagati u ne\u0161to \u010dija je neminovnost ru\u0161enje i tek odre\u0111ivanje namjene tog prostora. Tomislav Duha\u010dek Stadion gradu koji to nije Grad koji to nije su Sesvete, gradska \u010detvrt grada [&hellip;]<\/p>\n","protected":false},"author":1,"featured_media":0,"parent":0,"menu_order":0,"comment_status":"closed","ping_status":"closed","template":"","meta":[],"_links":{"self":[{"href":"https:\/\/dinamojemaksimir.com\/index.php?rest_route=\/wp\/v2\/pages\/1681"}],"collection":[{"href":"https:\/\/dinamojemaksimir.com\/index.php?rest_route=\/wp\/v2\/pages"}],"about":[{"href":"https:\/\/dinamojemaksimir.com\/index.php?rest_route=\/wp\/v2\/types\/page"}],"author":[{"embeddable":true,"href":"https:\/\/dinamojemaksimir.com\/index.php?rest_route=\/wp\/v2\/users\/1"}],"replies":[{"embeddable":true,"href":"https:\/\/dinamojemaksimir.com\/index.php?rest_route=%2Fwp%2Fv2%2Fcomments&post=1681"}],"version-history":[{"count":4,"href":"https:\/\/dinamojemaksimir.com\/index.php?rest_route=\/wp\/v2\/pages\/1681\/revisions"}],"predecessor-version":[{"id":1689,"href":"https:\/\/dinamojemaksimir.com\/index.php?rest_route=\/wp\/v2\/pages\/1681\/revisions\/1689"}],"wp:attachment":[{"href":"https:\/\/dinamojemaksimir.com\/index.php?rest_route=%2Fwp%2Fv2%2Fmedia&parent=1681"}],"curies":[{"name":"wp","href":"https:\/\/api.w.org\/{rel}","templated":true}]}}